f b?
4
Let m(o) = 51*o**2 + 6*o + 13. What is the hundreds digit of m(-3)?
4
Let r(j) = j**3 - 6*j**2 + 5*j + 5. Let w be r(5). Let x(a) = 2*a**3 - 2 + 2*a + 3 - a**3 - w*a**3. What is the units digit of x(-1)?
3
Suppose 19*m - 21*m = -252. What is the hundreds digit of m?
1
Let o(a) = -2*a. Let l be o(-3). Suppose 0 = l*s - s - 20. What is the units digit of s?
4
Suppose -3*x + 21 = 6. Suppose 40 = 7*j - x*j. What is the tens digit of j?
2
Suppose 0 = -5*c + g + 1270, 0 = -0*g + 5*g. Suppose 5*p + 5 = 0, -p + c = 4*f + 75. What is the tens digit of f?
4
Suppose 0*v - 2*v + 2 = 0. Let x(l) = 8*l**2 - 1. Let p be x(v). Let q = p + 4. What is the units digit of q?
1
Let x(q) = -3*q + 10. Let i(j) = j - 1. Let p(f) = -5*i(f) - x(f). Let c be (-48)/10 - 2/10. What is the units digit of p(c)?
5
Let b(d) = 2*d - 8. What is the tens digit of b(10)?
1
Suppose 441 = 11*w - 175. What is the units digit of w?
6
Suppose -2*x - 3*x = -5*g + 20, x - 8 = -3*g. Suppose -g*m = -5*z - 32 - 2, 5*m - 10 = -z. What is the units digit of m?
3
Let i be (-12)/15*(-10)/(-4). Let m = i + 14. What is the tens digit of m?
1
Suppose 4*v + 0 = 8. Suppose v*z - z = 11. What is the units digit of z?
1
What is the units digit of (4 - 115/20)*-36?
3
Let m = 12 + -10. Suppose 0 = 4*c - m*c - 44. What is the tens digit of c?
2
Let k = -1 + 1. Suppose -r - 6 + 2 = k. Let g = -2 - r. What is the units digit of g?
2
Suppose -2*i = -2 - 2. Let z(h) = 1 + 2*h**2 - h**2 + h**i - h**2 + h. What is the tens digit of z(3)?
1
Let j(r) = 14*r - 29. Let k(t) = -5*t + 10. Let l be 9/6*(-102)/(-9). Let s(g) = l*k(g) + 6*j(g). What is the units digit of s(-5)?
1
Suppose 1480 = 4*w - 272. What is the units digit of w?
8
Let b(l) = -l**2 + 8*l - 2. Let o be b(7). Suppose z - 4*s - o = 0, 4*z + 4*s = -s + 83. What is the units digit of z?
7
Suppose 3*y = -d + 6*d - 10, -3*d = 2*y - 6. Let w be (3 - d)*(-8 + 1). Let u(f) = f**2 + 5*f - 6. What is the units digit of u(w)?
8
Let z = 56 + -176. What is the units digit of (2/(-4))/(6/z)?
0
Suppose -93 = s - 4*s. What is the units digit of s?
1
Suppose -4*y + 51 = -y. What is the tens digit of y?
1
Suppose -3*a + 1 - 2 = r, -5*r - 5*a + 5 = 0. Suppose -32 = -5*o - 3*l - 12, -3*o - r*l + 11 = 0. What is the units digit of o?
7
Let u be (-63)/(-2) + (-7)/14. Suppose 33 = 4*j - u. What is the tens digit of j?
1
What is the units digit of (10 + -96)*(1 - 2)?
6
Suppose 3*h - 5*x = 351, x - 232 = -2*h + 5*x. What is the tens digit of h?
2
Let j(f) = -f**3 + 11*f**2 - 9*f - 2. Suppose -3*l + 56 = l + 4*c, -3*c + 22 = l. What is the units digit of j(l)?
8
Let j(a) = -2*a**3 - 18*a**2 + 21*a - 22. What is the units digit of j(-11)?
1
Let i = 3 - 1. Suppose 0*c + i*c = 106. What is the units digit of c?
3
Let b(g) = -2*g + 2. Let q be b(-2). Suppose -r - q = 2*m, -11 = -m - 2*r - 2*r. Let t = 8 + m. What is the units digit of t?
3
Let k(h) = 2*h - 28. What is the tens digit of k(22)?
1
Let p(m) = m**2 + 9*m + 8. Let x be (-58)/8 + (-1)/(-4). Let j be p(x). What is the units digit of (24/(-9))/(2/j)?
8
Suppose -4*r - 2*d - 84 = 3*d, 5*d + 100 = -5*r. Suppose 4*l + 30 = 22. Let n = l - r. What is the tens digit of n?
1
Suppose 71 = 3*w - 55. Let l be w + 1 - (-2 + 4). Suppose 1 = -4*i + l. What is the tens digit of i?
1
Let f(g) = g**2 + 12*g - 23. What is the units digit of f(-14)?
5
Let r = 1 + 3. Suppose 5*n - r*u = 78, 4*n - 30 = -5*u + 57. Suppose -5*z + 30 = 5*o, o + n = -0*z + 3*z. What is the units digit of z?
6
Let p(u) = 19*u + 51. What is the tens digit of p(8)?
0
Suppose l = -4*m + 4 + 8, -2*m = 2*l - 6. Let k = m - 1. What is the units digit of k?
2
Suppose 0 = 6*s - 3*s + 9. Let f = 6 + s. What is the units digit of f?
3
Let i(k) = -k**2 - 18*k - 14. What is the tens digit of i(-11)?
6
What is the units digit of (-2 - 0)*(-8)/8?
2
Let y(l) = -4*l + 2 + 0*l**3 + l**3 + 4*l + 3*l**2. Let g be y(-3). Suppose -g*n + 0*n + 18 = 0. What is the units digit of n?
9
Let l(s) = -s**3 - 12*s**2 - 11*s + 4. Let m be l(-11). Suppose -3*v + 5*v - 10 = 0. Suppose p - 36 - m = -v*w, 5*w + 3*p = 40. What is the units digit of w?
8
Suppose 14*o - 988 = -162. What is the units digit of o?
9
Let x = -99 + 213. What is the tens digit of x?
1
Let h(f) = f**3 + 15*f**2 - 23*f - 16. What is the tens digit of h(-16)?
9
Let k be (1 - (-15)/(-9))*6. Let w = 7 + k. Suppose -5*x + 81 = -w*h, -x + 5 = -2*h + 7*h. What is the tens digit of x?
1
Suppose 2*k - 2*d - 18 - 166 = 0, -4*k + 369 = -5*d. What is the tens digit of k?
9
Let r = 7 - -1. Suppose 0 = 4*n - r - 12. Suppose 0 = l + 3*l - 4*j - 8, -3*j - 20 = -n*l. What is the units digit of l?
7
Let h(p) = 13*p - 1. Let l be h(1). What is the units digit of (-45)/6*l/(-10)?
9
Suppose -5*i = 5*n + 75, 9 = -3*n + 2*n + i. Let a(g) = 16*g**3 - g**2 - 3*g - 3. Let d be a(-2). What is the tens digit of (-6)/8 + d/n?
1
Let k be 4*(-1 + (-3)/(-2)). Suppose k*j - 2 = -0. What is the units digit of j?
1
Let b = 3 + -6. Let s = b + 9. What is the units digit of ((-48)/(-18))/(1/s)?
6
Let y(t) = 5*t. Let p be (-6)/(-5)*(-20)/(-3). What is the tens digit of y(p)?
4
Let z = 661 + -406. What is the units digit of z?
5
Let g be 3/(-2)*(-8)/6. Suppose 5*m - 148 = -4*u, -4*m = -u + 2*u - 48. Suppose 3 = g*x - 3*s - 3, -s - u = -4*x. What is the units digit of x?
9
Let b = 7 - 1. Suppose 2*i + s - 10 = 12, i - 1 = 2*s. Let r = i - b. What is the units digit of r?
3
Let n be 2 + -1 + -3 + 0. Suppose -4*x + 17 = 5*p - 3, 5*x = -4*p + 7. Let i = p + n. What is the units digit of i?
6
What is the tens digit of (4 + 72)/2 + -4?
3
Let d(a) = -a - 11. Let l be d(-7). Let z = l + 4. Suppose 3*m - 6*m + 21 = z. What is the units digit of m?
7
Suppose 0 = -4*f - f - 70. What is the units digit of ((-21)/f)/(9/12)?
2
Let f = 15 - -2. What is the units digit of f?
7
Let a(i) = i**2 - 4*i - 3. Let d = -13 + 20. What is the tens digit of a(d)?
1
Let p(z) = -z + 8. Let v be p(6). Let a = v + -2. Suppose a = 3*o + o - 16. What is the units digit of o?
4
Suppose -254 = -5*z + 3*g + 449, 5*z - 2*g - 707 = 0. What is the units digit of z?
3
Let k(f) = -f**2 - 12*f - 11. Let o be k(-11). Suppose 2*d - 4*w + 85 = 7*d, o = 2*d + w - 34. What is the tens digit of d?
1
Suppose k + 0*n + 18 = 3*n, -8 = -2*n. Let g(p) = -p**3 - 5*p**2 + 2*p + 7. What is the units digit of g(k)?
1
Let v be 2/(-9) - 1541/(-9). Let b = -112 + v. What is the tens digit of b?
5
Suppose 2*c - 4 = 2. Suppose -q + 10 = v, -4*q + 36 = c*v - v. What is the units digit of q?
8
Suppose 5*x + h + 31 = 0, x + 7 = -2*h + h. What is the units digit of (x + 0)*(-11)/2?
3
Let m = 1 - 2. Let d be (m - 0)/(4/(-116)). Suppose 0 = -2*t + d - 9. What is the tens digit of t?
1
Let t = -6 + 6. Let x(y) = -y**2 + y + 20. What is the units digit of x(t)?
0
Let p(s) = 5*s**2 + 6*s + 10*s**2 + 8 - 25*s**2 + 9*s**2. Suppose 2*l = -0*l + 14. What is the units digit of p(l)?
1
Suppose 0 = -4*h + 3*h + 3. Let s be h*10/6*-1. Let o = 7 + s. What is the units digit of o?
2
Suppose -3*i = 2*i + 50. Let j = 18 + i. Suppose -32 - j = -5*r. What is the units digit of r?
8
Let p(l) = -l + 5. Let j be p(5). Suppose 5*u - 67 - 68 = j. Suppose -11 - 2 = -2*w - i, -4*i + u = 3*w. What is the units digit of w?
5
Suppose -2*u - 3 = -1. What is the units digit of u*(0 - 2) + 44?
6
What is the units digit of (-1 - -70) + -3 + 2?
8
Let z be ((-1)/(-1))/((-4)/(-8)). Suppose 4*f - 21 = -o, -5*f - z*o = -4*o - 10. What is the units digit of 2*1/f*6?
3
Let q be (52/6)/(4/6). Suppose 3*j + p - 11 - 2 = 0, j = 4*p - q. Let l = 4 + j. What is the units digit of l?
7
Let a(p) = 51*p**3 + p**2. What is the tens digit of a(1)?
5
Suppose -4*s + 45 = -s. Let w = s - -10. What is the units digit of w?
5
Suppose -203 - 16 = -3*c. What is the tens digit of c?
7
Let u(y) = 3*y + y**3 + y**2 - 4 + 2 - y**2. What is the tens digit of u(2)?
1
Let i(q) = -13*q - 17. What is the units digit of i(-7)?
4
Let k(o) = -o**3 - 19*o**2 - 21*o - 26. What is the units digit of k(-18)?
8
Let r = 1 - -2. Let h(t) = -1 + 5*t + 0*t**2 + 3*t**3 - 4*t**r + 4*t**2 + 7. What is the units digit of h(5)?
6
Suppose -2*w = -3*w - 4. What is the units digit of ((-7)/w)/1*4?
7
Let u(f) be the first derivative of 3 + 3*f + 1/3*f**3 - 3*f**2. What is the units digit of u(6)?
3